{"id":324,"date":"2020-07-01T13:51:09","date_gmt":"2020-07-01T11:51:09","guid":{"rendered":"https:\/\/mon-guide.ch\/shop\/?page_id=324"},"modified":"2020-07-01T14:35:07","modified_gmt":"2020-07-01T12:35:07","slug":"cgv","status":"publish","type":"page","link":"https:\/\/mon-guide.ch\/shop\/cgv\/","title":{"rendered":"Conditions g\u00e9n\u00e9rales de vente"},"content":{"rendered":"\n<h2 class=\"wp-block-heading\">G\u00e9n\u00e9ralit\u00e9s<\/h2>\n\n\n\n<h3 class=\"wp-block-heading\">Prix<\/h3>\n\n\n\n<p>Les prix de ce catalogue sont indiqu\u00e9s en francs suisses, montants nets, TVA comprise et garantis.<\/p>\n\n\n\n<h3 class=\"wp-block-heading\">Protection des donn\u00e9es<\/h3>\n\n\n\n<p>Toutes les donn\u00e9es \u00e0 caract\u00e8re personnel seront consid\u00e9r\u00e9es comme confidentielles. Les informations n\u00e9cessaires \u00e0 la gestion de la commande feront l\u2019objet d\u2019un traitement informatique et peuvent \u00eatre communiqu\u00e9es aux commer\u00e7ants de Mon-Guide.ch et \u00e0 des entreprises associ\u00e9es dans le cadre de la gestion de la commande.<\/p>\n\n\n\n<h2 class=\"wp-block-heading\">Responsabilit\u00e9 des commer\u00e7ants<\/h2>\n\n\n\n<p>Mon-Guide.ch n&#8217;assume aucune responsabilit\u00e9 concernant les modalit\u00e9s de paiement, la livraison, le transport, le retour, l&#8217;\u00e9change ou encore concernant les garanties des marchandises . <\/p>\n\n\n\n<p>Les vendeurs pr\u00e9sents sur le shop Mon-Guide.ch et y vendant leurs produits assument l&#8217;enti\u00e8re responsabilit\u00e9 des conditions g\u00e9n\u00e9rales de ventes qui concernent leur boutique et les produits qu&#8217;ils y vendent.<\/p>\n\n\n\n<p>L&#8217;acheteur est responsable de se renseigner aupr\u00e8s des vendeurs avant de proc\u00e9der \u00e0 une commande afin de s&#8217;assurer du bon d\u00e9roulement de cette derni\u00e8re.<\/p>\n\n\n\n<h3 class=\"wp-block-heading\">Modalit\u00e9s de paiement, livraison et transport<\/h3>\n\n\n\n<p>La livraison et le transport des marchandises d\u00e9pend des conditions de chaque commer\u00e7ant pr\u00e9sent sur Mon-Guide.ch. Si elles sont d\u00e9finies par le commer\u00e7ant en question, elles sont consultable sur la page de sa boutique en ligne ou sur la page des produits qu&#8217;il y vend. Le cas \u00e9ch\u00e9ant, il est de la responsabilit\u00e9 de l&#8217;acheteur de contacter le vendeur avant de passer commande afin de s&#8217;assurer des conditions de paiement, de livraison et de transport.<\/p>\n\n\n\n<h3 class=\"wp-block-heading\">Retour ou \u00e9change de marchandises<\/h3>\n\n\n\n<p>Les conditions de retours ou les \u00e9changes de marchandises sont d\u00e9finies par le commer\u00e7ant qui a vendu l&#8217;article concern\u00e9. Toutes les questions s&#8217;y r\u00e9f\u00e9rent doivent \u00eatre adress\u00e9es au commer\u00e7ant en question.<\/p>\n\n\n\n<h3 class=\"wp-block-heading\">Garantie l\u00e9gales<\/h3>\n\n\n\n<p>L&#8217;acheteur doit v\u00e9rifier l\u2019\u00e9tat des marchandises livr\u00e9es sans attendre pour exclure des vices de mati\u00e8re et de fabrication manifestes, ainsi que des dommages dus au transport. Conform\u00e9ment \u00e0 la loi, L&#8217;acheteur est oblig\u00e9 de signaler au commer\u00e7ant qui a vendu la marchandise tout d\u00e9faut ou anomalie affectant les marchandises livr\u00e9es pour lui permettre d\u2019y rem\u00e9dier.<\/p>\n\n\n\n<h3 class=\"wp-block-heading\">Droit applicable et for juridique<\/h3>\n\n\n\n<p>Le droit applicable est le droit Suisse, et tout litige sera trait\u00e9 par le Tribunal comp\u00e9tent en fonction du si\u00e8ge ou du domicile du vendeur.<\/p>\n","protected":false},"excerpt":{"rendered":"<p>G\u00e9n\u00e9ralit\u00e9s Prix Les prix de ce catalogue sont indiqu\u00e9s en francs suisses, montants nets, TVA comprise et garantis. Protection des donn\u00e9es Toutes les donn\u00e9es \u00e0 caract\u00e8re personnel seront consid\u00e9r\u00e9es comme confidentielles. Les informations n\u00e9cessaires \u00e0 la gestion de la commande feront l\u2019objet d\u2019un traitement informatique et peuvent \u00eatre communiqu\u00e9es aux commer\u00e7ants de Mon-Guide.ch et \u00e0 [&hellip;]<\/p>\n","protected":false},"author":1,"featured_media":0,"parent":0,"menu_order":0,"comment_status":"closed","ping_status":"closed","template":"page-template\/full-width.php","meta":{"spay_email":""},"_links":{"self":[{"href":"https:\/\/mon-guide.ch\/shop\/wp-json\/wp\/v2\/pages\/324"}],"collection":[{"href":"https:\/\/mon-guide.ch\/shop\/wp-json\/wp\/v2\/pages"}],"about":[{"href":"https:\/\/mon-guide.ch\/shop\/wp-json\/wp\/v2\/types\/page"}],"author":[{"embeddable":true,"href":"https:\/\/mon-guide.ch\/shop\/wp-json\/wp\/v2\/users\/1"}],"replies":[{"embeddable":true,"href":"https:\/\/mon-guide.ch\/shop\/wp-json\/wp\/v2\/comments?post=324"}],"version-history":[{"count":5,"href":"https:\/\/mon-guide.ch\/shop\/wp-json\/wp\/v2\/pages\/324\/revisions"}],"predecessor-version":[{"id":331,"href":"https:\/\/mon-guide.ch\/shop\/wp-json\/wp\/v2\/pages\/324\/revisions\/331"}],"wp:attachment":[{"href":"https:\/\/mon-guide.ch\/shop\/wp-json\/wp\/v2\/media?parent=324"}],"curies":[{"name":"wp","href":"https:\/\/api.w.org\/{rel}","templated":true}]}}