{"id":259,"date":"2020-06-30T19:53:13","date_gmt":"2020-06-30T17:53:13","guid":{"rendered":"https:\/\/mon-guide.ch\/shop\/?post_type=product&#038;p=259"},"modified":"2020-06-30T20:36:09","modified_gmt":"2020-06-30T18:36:09","slug":"montre-alex-benlo-quartz-blanc-40mm","status":"publish","type":"product","link":"https:\/\/mon-guide.ch\/shop\/produit\/montre-alex-benlo-quartz-blanc-40mm\/","title":{"rendered":"Montre \u2013 Alex Benlo \u2013 Quartz Blanc 40mm"},"content":{"rendered":"<p><strong>Fonctionnalit\u00e9s<\/strong><br \/>\n40 mm Quartz Blanc<br \/>\nFonctions : Heures, Minutes,Secondes<br \/>\n\u00c9dition illimit\u00e9e<\/p>\n<p><strong>Cadran<\/strong><br \/>\nQuartz blanc naturel<br \/>\nTraitement luminescent<\/p>\n<p><strong>Mouvement<\/strong><br \/>\nMouvement Suisse<br \/>\nM\u00e9canique \u00e0 remontage automatique SW300 Aiguilles N\u00b08<br \/>\nR\u00e9serve de marche de 42 heures<\/p>\n<p><strong>Boite<\/strong><br \/>\nBoite en Acier de 40 mm<br \/>\nGlace saphir bomb\u00e9e avec traitement anti-reflet<br \/>\nFond transparent avec glace saphir<br \/>\n\u00c9tanchi\u00e9t\u00e9 \u00e0 3 ATM<\/p>\n<p><strong>Bracelet<\/strong><br \/>\nCuir, imitation alligator<\/p>\n<p><strong>Boucle<\/strong><br \/>\nBoucle en acier grav\u00e9e Alex Benlo<\/p>\n<p><strong>Vertues<\/strong><br \/>\nAm\u00e9liore le sens de la diplomatie, apaise les angoisses, \u00e9quilibre les pens\u00e9es<\/p>\n","protected":false},"excerpt":{"rendered":"<p>Montre Alex Benlo dot\u00e9 d&#8217;un cadran en quartz blanc naturel<\/p>\n","protected":false},"featured_media":258,"template":"","meta":{"spay_email":""},"_links":{"self":[{"href":"https:\/\/mon-guide.ch\/shop\/wp-json\/wp\/v2\/product\/259"}],"collection":[{"href":"https:\/\/mon-guide.ch\/shop\/wp-json\/wp\/v2\/product"}],"about":[{"href":"https:\/\/mon-guide.ch\/shop\/wp-json\/wp\/v2\/types\/product"}],"wp:featuredmedia":[{"embeddable":true,"href":"https:\/\/mon-guide.ch\/shop\/wp-json\/wp\/v2\/media\/258"}],"wp:attachment":[{"href":"https:\/\/mon-guide.ch\/shop\/wp-json\/wp\/v2\/media?parent=259"}],"curies":[{"name":"wp","href":"https:\/\/api.w.org\/{rel}","templated":true}]}}