{"id":322,"date":"2020-07-01T08:30:25","date_gmt":"2020-07-01T06:30:25","guid":{"rendered":"https:\/\/mon-guide.ch\/shop\/?post_type=product&#038;p=322"},"modified":"2020-07-01T08:30:40","modified_gmt":"2020-07-01T06:30:40","slug":"pneu-msc-rock-roller-29-x-2-10-tlr-epic-shield-brown-120-tpi-e25-2c-xc","status":"publish","type":"product","link":"https:\/\/mon-guide.ch\/shop\/produit\/pneu-msc-rock-roller-29-x-2-10-tlr-epic-shield-brown-120-tpi-e25-2c-xc\/","title":{"rendered":"Pneu MSC ROCK &amp; ROLLER 29 X 2.10 TLR EPIC SHIELD BROWN 120 TPI E25 2C-XC"},"content":{"rendered":"<p class=\"MsoNormal\">La Zone centrale des crampons parall\u00e8les, compacts et en forme de rampe permet de r\u00e9duire le frottement au maximum pour rouler aussi vite que possible. Les crampons interm\u00e9diaires permettent une transition parfaite dans les virages et de maintenir une bonne traction en tout temps, tandis que les crampons lat\u00e9raux surdimensionn\u00e9s et arrang\u00e9s avec notre c\u00e9l\u00e8bre design d\u00e9cal\u00e9 donnent au Rock &amp; Roller une adh\u00e9rence en virage jamais vue sur un pneu de Xcountry\/marathon<\/p>\n","protected":false},"excerpt":{"rendered":"<p>Son nom dit tout. Vitesse maximale et contr\u00f4le maximum. Comment est-ce possible ?<\/p>\n","protected":false},"featured_media":321,"template":"","meta":{"spay_email":""},"_links":{"self":[{"href":"https:\/\/mon-guide.ch\/shop\/wp-json\/wp\/v2\/product\/322"}],"collection":[{"href":"https:\/\/mon-guide.ch\/shop\/wp-json\/wp\/v2\/product"}],"about":[{"href":"https:\/\/mon-guide.ch\/shop\/wp-json\/wp\/v2\/types\/product"}],"wp:featuredmedia":[{"embeddable":true,"href":"https:\/\/mon-guide.ch\/shop\/wp-json\/wp\/v2\/media\/321"}],"wp:attachment":[{"href":"https:\/\/mon-guide.ch\/shop\/wp-json\/wp\/v2\/media?parent=322"}],"curies":[{"name":"wp","href":"https:\/\/api.w.org\/{rel}","templated":true}]}}